1. Let a be c(3). Let k = -36 + a. Let n = k - 67. List the prime factors of n.
2, 3, 7
Let y = 1854 - 1319. What are the prime factors of y?
5, 107
Suppose -1068 - 1852 = -2*t. List the prime factors of t.
2, 5, 73
Suppose 12*p - 9582 - 18738 = 0. What are the prime factors of p?
2, 5, 59
Let q = 141 + -138. List the prime factors of q.
3
Suppose -4*x + 1825 = 3*c, 0 = 5*c + 4*x - 1732 - 1299. List the prime factors of c.
3, 67
Let u be (-3)/(-4)*(21 - 1). Let a = u + 30. List the prime factors of a.
3, 5
Let c = 22 - 7. Let f = -15 + c. What are the prime factors of -2 + (2 - f) - -20?
2, 5
Let l(u) = 262*u + 3. Let a be l(-3). List the prime factors of (44/12 - 4)/(3/a).
3, 29
Suppose -5*q = 25, -4*q = f - q - 128. Let b = f + -77. List the prime factors of b.
2, 3, 11
Let g be 8/(-2) - (2 - -4)*-1. What are the prime factors of 1 + g + -8 + 75?
2, 5, 7
Let z(q) = q**2 - 7*q - 111. List the prime factors of z(19).
3, 13
Suppose -2156 = 73*t - 87*t. List the prime factors of t.
2, 7, 11
Let b = -15 + 1. Let l = b + -6. Let s = 33 + l. What are the prime factors of s?
13
Let p(c) = -c**3 - 3*c**2 + 8*c - 5. Let d be p(-5). Suppose -d*f + 0*f = 35. Let x(t) = t**3 + 8*t**2 - 3*t + 9. What are the prime factors of x(f)?
79
Let j(i) = 10*i - 5. Suppose 0 = -2*v + 31 - 29. What are the prime factors of j(v)?
5
Let u(i) = 2*i + 7. Let y be u(-5). Let v = 2 - y. Suppose 0 = -v*q + 3*x + 52, 23 - 69 = -4*q - 2*x. List the prime factors of q.
11
Let y(m) = m**2 + m + 1. Let f(q) = 73*q**2 + 5*q + 7. Let x(z) = f(z) - 4*y(z). List the prime factors of x(-1).
71
Suppose -5*p = -3*p. Suppose -m + 0*m + 4 = p. Suppose -4*k - m*h + 132 = 0, -2*k - k + 96 = 4*h. List the prime factors of k.
2, 3
Let s(f) = -2*f**3 - 5*f**2 - 2*f - 10. Let y(m) = -m**3 + m - 1. Let b(g) = -s(g) + 3*y(g). What are the prime factors of b(5)?
2
Let k(d) = -2*d - 1. Let t be k(4). Let f(p) = p**2 - 3*p + 12. List the prime factors of f(t).
2, 3, 5
Let u(f) = 7*f**2 + f + 25. What are the prime factors of u(9)?
601
Suppose 3*w = -9, 2*y + 5*w = 3*y - 12. Let b(k) = -27*k - 5. List the prime factors of b(y).
2, 19
Let x be (-2 + 1)*2 + -7. Let n = 18 + x. Suppose 0 = -3*d - n + 66. List the prime factors of d.
19
Suppose -2 = -3*d + 10. Suppose -3*s + 5*s + 5*v - 117 = 0, -4*v + d = 0. What are the prime factors of s?
2, 7
Let o(h) = -10 - 20*h - 37*h - 41. What are the prime factors of o(-6)?
3, 97
Let j = -1 + 3. Suppose 11*h - 4 = 18. Suppose 0 = 5*u + j*w - 292, 0 = 4*w - h - 2. List the prime factors of u.
2, 29
Let k(y) = -y**2 + 12*y + 3. Let q be k(12). Suppose -228 = q*o - 72. Let r = -28 - o. List the prime factors of r.
2, 3
Suppose -5*d + 2*y - 3*y + 40 = 0, -5*y = 2*d - 16. What are the prime factors of d?
2
Suppose 0 = -3*v, -s + 0 = -5*v - 5. Suppose 0 = -10*y + s*y - 105. Let l = y - -46. List the prime factors of l.
5
Let w be (-3)/(-9)*0 + -4. Let p(f) = f**3 + 3*f**2 - 3*f + 4. Let y be p(w). Suppose -4*x - 128 = -4*d, -2*x + 0*x - 6 = y. List the prime factors of d.
29
Let u(h) = -42*h + 16. Let q(z) = 43*z - 17. Let d(f) = 3*q(f) + 2*u(f). List the prime factors of d(6).
251
Suppose 3*h + 2*c = 6*c + 1832, -c - 1817 = -3*h. Suppose 3*x - q - q - h = 0, 0 = 2*q - 2. List the prime factors of x.
2, 101
Let k(y) = -27*y - 31. Let o be k(-18). Let x = -322 + o. List the prime factors of x.
7, 19
Let g(v) = 4*v**2 + 4*v + 2. Let f = -9 - -6. Let u be g(f). Suppose -2*c + u + 0 = 0. What are the prime factors of c?
13
Suppose -50*p = -44*p - 5532. What are the prime factors of p?
2, 461
Suppose s = -s + 2*i + 18, 2*s + 4*i = 0. Suppose 288 + 336 = s*u. Suppose 3*g + 4*k - u = 0, -g - 5*k + 14 + 6 = 0. What are the prime factors of g?
2, 5
Let n(p) = 7*p**3 + p**2 - p. Let x be n(1). Let r be (6/x)/(5/(-630)). What are the prime factors of r/(-16) - (-2)/8?
7
Let c(u) = -u**2 - 76*u - 200. What are the prime factors of c(-23)?
1019
Let d = -57 + 122. Suppose 2*w = 80 + 182. Let t = w - d. What are the prime factors of t?
2, 3, 11
Suppose 83*s - 88*s + 6490 = 0. List the prime factors of s.
2, 11, 59
Suppose 3*t + 5 + 1 = 0. Let d be (4/(-1) - -102) + t. Suppose -4*i - 108 = -4*c, 2*i - d = -3*c - 0*i. What are the prime factors of c?
2, 3, 5
Let n = -50 - -24. What are the prime factors of -2*(n/4)/1?
13
Suppose 1098 = -2*p + 4*p + 2*f, 0 = -2*f. What are the prime factors of p?
3, 61
Suppose 9 = -36*w + 39*w. Suppose 0 = w*y - 4*a + 3*a - 10, 3*y - 35 = -4*a. Suppose y*k - 105 - 30 = 0. List the prime factors of k.
3
Let r(v) be the second derivative of 4*v**3/3 + 5*v**2 + 5*v. What are the prime factors of r(2)?
2, 13
Let x(d) = d + 1. Let a be x(3). Let h be (a/(-3))/((-6)/(-9)). Let t = 8 + h. What are the prime factors of t?
2, 3
Suppose 9*q - 11*q - 3*h = -5099, 0 = -4*q + 3*h + 10171. List the prime factors of q.
5, 509
Suppose 0*k = -4*k + 20. Let i be (-2)/k + 6/(-10). What are the prime factors of ((-160)/(-48))/(i/(-9))?
2, 3, 5
Let k be (-1)/(-3)*(11 - -4). Let v(d) = -k*d + 2 - 3 - 3*d. List the prime factors of v(-5).
3, 13
Let q = -15 + 13. What are the prime factors of 3*q/2 - -7?
2
List the prime factors of (-19 + 123)/((-2)/(-4)).
2, 13
Suppose -2*o - h - 1 = -2, 0 = -3*o - 4*h + 4. Let f = 15 - o. List the prime factors of f.
3, 5
Suppose -4*n + 18*l + 5656 = 22*l, -7020 = -5*n + 5*l. List the prime factors of n.
1409
Suppose 5*s - 2*a = 1869, -1859 = -5*s + a - 4*a. What are the prime factors of s?
373
Let g(d) = d**3 + 23*d**2 + 30*d + 1. Let c(o) = -o**3 - 5*o**2 + 9*o - 3. Let z be c(-6). List the prime factors of g(z).
11, 23
Let q(t) = t**3 + 12*t**2 + 19*t + 8. Suppose 5*d + 18 = -32. List the prime factors of q(d).
2, 3
Let z(d) = 67*d + 7 - 65*d + 3 + 31. What are the prime factors of z(16)?
73
Suppose -3*s = -13 + 7. Suppose -2*b - 3*b - 158 = -s*l, -5*b + 20 = 0. Let d = l + -64. List the prime factors of d.
5
Suppose 5*g + 5 = 0, h + 0*g = 3*g + 6. Suppose h*p - 138 = -5*z, -p - 90 = -3*p - 4*z. List the prime factors of p.
3, 17
List the prime factors of (-350)/125*(3 - 883).
2, 7, 11
Suppose 0 = -8*w - 475 + 2955. Suppose -f - 3*f + 1240 = 4*h, 4*h = f - w. What are the prime factors of f?
2, 5, 31
Let z = 1519 + 667. List the prime factors of z.
2, 1093
Suppose -551 - 901 = -22*a. List the prime factors of a.
2, 3, 11
Let q = 5 + -3. Suppose -6*x + 11 = -13. Suppose 3*h - 29 = 4*i, -x*h + q*i + i = -27. What are the prime factors of h?
3
Let n be (1 + -2)/((-7)/56). Let j(r) = r**3 - 8*r**2 + 8. What are the prime factors of j(n)?
2
Let w be (-4)/3*276/(-8). Suppose 4*k = 2*k - l - 47, 4*l = -k - 41. Let b = w + k. List the prime factors of b.
5
What are the prime factors of (-15 - 0)*2/(-10) - -144?
3, 7
Let p(z) = z**3 + 9*z**2 + 8*z + 4. Let y be p(-8). Suppose 46 - 14 = y*f. Let l(r) = -r + 18. List the prime factors of l(f).
2, 5
Let h(t) = -7*t**3 + 2*t**2 - t. Let o be h(-3). Let d(f) = f**2 - 2*f - 3. Let c be d(4). Suppose -c*n - n = -o. What are the prime factors of n?
5, 7
Suppose 0 = 4*f - 253 - 583. List the prime factors of f.
11, 19
Suppose -4*i = -3*z, 5*z + 2*i + 0*i = -26. List the prime factors of ((-288)/(-84))/(z/(-98)).
2, 3, 7
Let v = -452 + 694. Let b = 374 - v. Let w = b + -92. What are the prime factors of w?
2, 5
Let j be -1 + 743 - 20/10. Suppose -15*i + 10*i = -j. What are the prime factors of i?
2, 37
Let l(p) = -812*p + 127. What are the prime factors of l(-4)?
3, 5
Suppose 5*i - g - 66 = 0, i + 3 = 4*g + 1. Suppose -1537 = -i*p - 529. What are the prime factors of p?
2, 3
List the prime factors of (698/9)/(3/54).
2, 349
Let i be (9/2)/((-6)/(-64)). Suppose 2*c + 5*q + 15 = i, 4*q = c + 3. Let z = 40 - c. List the prime factors of z.
31
Let m(x) = -3*x**2 + 12*x + 4*x**3 + 13 - 2*x**3 - 3*x**3 + 15*x**2. Let c be m(13). Suppose c = -b - 3*q + 23, 10 = b + q - 3. What are the prime factors of b?
2
Let c(h) = 2*h**2 - 14*h + 6. Let q(v) be the first derivative of v**3 - 15*v**2/2 + 7*v + 6. Let z(n) = 4*c(n) - 3*q(n). List the prime factors of z(-6).
3, 11
Let v(w) = 5*w - w - 6 + 0 + 0. Suppose 2*p + 36 = 5*q, 5*p = -4*q + p + 12. List the prime factors of v(q).
2, 3
Suppose 0 = -9*z + 45 + 9. Suppose z*m + 5*m = 2728. What are the prime factors of m?
2, 31
Let o(s) = -s - 17. Let l(g) = -4*g - 68.